{"id":1512,"date":"2020-04-29T13:31:18","date_gmt":"2020-04-29T13:31:18","guid":{"rendered":"https:\/\/sitac.transdev-hdf.fr\/?page_id=1512"},"modified":"2025-07-17T07:17:54","modified_gmt":"2025-07-17T07:17:54","slug":"la-proxin","status":"publish","type":"page","link":"https:\/\/sitac.transdev-hdf.fr\/index.php\/mes-services\/la-proxin\/","title":{"rendered":"La Prox&rsquo;in"},"content":{"rendered":"\n<figure class=\"wp-block-image alignwide size-large\"><img decoding=\"async\" loading=\"lazy\" width=\"1024\" height=\"276\" src=\"https:\/\/sitac.transdev-hdf.fr\/wp-content\/uploads\/2020\/09\/RubriqueMesServices-SiteSEPTEMBRE2020-NEWVERSION-COB-17-1024x276.jpg\" alt=\"\" class=\"wp-image-2952\" srcset=\"https:\/\/sitac.transdev-hdf.fr\/wp-content\/uploads\/2020\/09\/RubriqueMesServices-SiteSEPTEMBRE2020-NEWVERSION-COB-17-1024x276.jpg 1024w, https:\/\/sitac.transdev-hdf.fr\/wp-content\/uploads\/2020\/09\/RubriqueMesServices-SiteSEPTEMBRE2020-NEWVERSION-COB-17-300x81.jpg 300w, https:\/\/sitac.transdev-hdf.fr\/wp-content\/uploads\/2020\/09\/RubriqueMesServices-SiteSEPTEMBRE2020-NEWVERSION-COB-17-768x207.jpg 768w, https:\/\/sitac.transdev-hdf.fr\/wp-content\/uploads\/2020\/09\/RubriqueMesServices-SiteSEPTEMBRE2020-NEWVERSION-COB-17-1536x414.jpg 1536w, https:\/\/sitac.transdev-hdf.fr\/wp-content\/uploads\/2020\/09\/RubriqueMesServices-SiteSEPTEMBRE2020-NEWVERSION-COB-17-1568x422.jpg 1568w, https:\/\/sitac.transdev-hdf.fr\/wp-content\/uploads\/2020\/09\/RubriqueMesServices-SiteSEPTEMBRE2020-NEWVERSION-COB-17.jpg 1693w\" sizes=\"(max-width: 1024px) 100vw, 1024px\" \/><\/figure>\n\n\n\n<h5 class=\"wp-block-heading\"><mark style=\"background-color:rgba(0, 0, 0, 0);color:#993467\" class=\"has-inline-color\">Qu&rsquo;est-ce que c&rsquo;est ?<\/mark><\/h5>\n\n\n\n<p>Un service uniquement d\u00e9clench\u00e9 par r\u00e9servation et qui emprunte toujours le m\u00eame itin\u00e9raire sur des horaires d\u00e9finis.<\/p>\n\n\n\n<div class=\"wp-block-columns is-layout-flex wp-container-2\">\n<div class=\"wp-block-column is-layout-flow\">\n<h5 class=\"wp-block-heading\"><mark style=\"background-color:rgba(0, 0, 0, 0);color:#993467\" class=\"has-inline-color\">PROX&rsquo;IN 11<\/mark><\/h5>\n\n\n\n<p>Cette liaison permet d\u2019enrichir l\u2019offre de transport sur les secteurs des Hemmes de Marck, du Fort Vert, de l\u2019avenue de Verdun et de la route de Gravelines pour les personnes qui souhaitent se rendre au centre ville de Marck ou \u00e0 un arr\u00eat en correspondance avec les lignes urbaines du r\u00e9seau.<\/p>\n<\/div>\n<\/div>\n\n\n\n<div class=\"wp-block-columns is-layout-flex wp-container-4\">\n<div class=\"wp-block-column is-layout-flow\"><div class=\"wp-block-image\">\n<figure class=\"aligncenter size-large is-resized\"><img decoding=\"async\" loading=\"lazy\" src=\"https:\/\/sitac.transdev-hdf.fr\/wp-content\/uploads\/2022\/07\/PlanL.11Hiver2022-2023.jpg\" alt=\"\" class=\"wp-image-5409\" width=\"333\" height=\"356\" srcset=\"https:\/\/sitac.transdev-hdf.fr\/wp-content\/uploads\/2022\/07\/PlanL.11Hiver2022-2023.jpg 750w, https:\/\/sitac.transdev-hdf.fr\/wp-content\/uploads\/2022\/07\/PlanL.11Hiver2022-2023-281x300.jpg 281w\" sizes=\"(max-width: 333px) 100vw, 333px\" \/><\/figure><\/div><\/div>\n<\/div>\n\n\n\n<p class=\"has-text-align-left\"><mark style=\"background-color:rgba(0, 0, 0, 0);color:#993467\" class=\"has-inline-color\"><strong>Comment r\u00e9server votre PROX&rsquo;IN 11 ?<\/strong><\/mark><br><br>Quelque soit le mode utiliser, la r\u00e9servation devra \u00eatre effectu\u00e9e au plus tard :<br>&#8211; la veille avant 17h30 pour une r\u00e9servation du mardi au samedi,<br>&#8211; le vendredi avant 17h30 pour une r\u00e9servation le lundi.<\/p>\n\n\n\n<ul>\n<li><mark style=\"background-color:rgba(0, 0, 0, 0);color:#993467\" class=\"has-inline-color\">En appelant l\u2019agent de r\u00e9servation de Calais Opale Bus au 03.21.00.75.75.<\/mark><\/li>\n<\/ul>\n\n\n\n<p><mark style=\"background-color:rgba(0, 0, 0, 0);color:#993467\" class=\"has-inline-color\"><strong>Quand ce service fonctionne-t-il?<\/strong><\/mark><br><br>Tous les jours sauf les dimanches et les jours f\u00e9ri\u00e9s, uniquement sur r\u00e9servation.<\/p>\n\n\n\n<p><mark style=\"background-color:rgba(0, 0, 0, 0);color:#993467\" class=\"has-inline-color\"><strong>Comment rejoindre le r\u00e9seau urbain?<\/strong><\/mark><br><br>Les v\u00e9hicules <mark style=\"background-color:rgba(0, 0, 0, 0);color:#993467\" class=\"has-inline-color\">PROX\u2019IN<\/mark> vous accompagnent jusqu\u2019\u00e0 un point de rabattement o\u00f9 les correspondances avec les lignes urbaines sont nombreuses et ais\u00e9es.<\/p>\n\n\n\n<p><\/p>\n\n\n\n<div class=\"wp-block-buttons is-content-justification-center is-layout-flex wp-container-5\">\n<div class=\"wp-block-button\"><a class=\"wp-block-button__link has-white-color has-text-color has-background wp-element-button\" href=\"horaires.php\" style=\"background-color:#993467\"><strong>Horaires<\/strong> en ligne<\/a><\/div>\n\n\n\n<div class=\"wp-block-button\"><a class=\"wp-block-button__link has-white-color has-text-color has-background wp-element-button\" href=\"https:\/\/sitac.transdev-hdf.fr\/wp-content\/uploads\/2025\/07\/PROXIN_11_GBHIVER2025.pdf\" style=\"background-color:#993467\" target=\"_blank\" rel=\"noreferrer noopener\"><strong>Horaires T\u00e9l\u00e9chargeables<\/strong> Hiver 2025\/2026<\/a><\/div>\n\n\n\n<div class=\"wp-block-button\"><a class=\"wp-block-button__link has-white-color has-text-color has-background wp-element-button\" href=\"https:\/\/sitac.transdev-hdf.fr\/wp-content\/uploads\/2025\/06\/Ligne11-Ete-2025.pdf\" style=\"background-color:#993467\" target=\"_blank\" rel=\"noreferrer noopener\"><strong>Horaires T\u00e9l\u00e9chargeables<\/strong> Et\u00e9 2025<\/a><\/div>\n<\/div>\n\n\n\n<p><\/p>\n","protected":false},"excerpt":{"rendered":"<p>Qu&rsquo;est-ce que c&rsquo;est ? Un service uniquement d\u00e9clench\u00e9 par r\u00e9servation et qui emprunte toujours le m\u00eame itin\u00e9raire sur des horaires d\u00e9finis. PROX&rsquo;IN 11 Cette liaison permet d\u2019enrichir l\u2019offre de transport sur les secteurs des Hemmes de Marck, du Fort Vert, de l\u2019avenue de Verdun et de la route de Gravelines pour les personnes qui souhaitent &hellip; <\/p>\n<p class=\"link-more\"><a href=\"https:\/\/sitac.transdev-hdf.fr\/index.php\/mes-services\/la-proxin\/\" class=\"more-link\">Continuer la lecture <span class=\"screen-reader-text\"> \u00ab\u00a0La Prox&rsquo;in\u00a0\u00bb<\/span><\/a><\/p>\n","protected":false},"author":1,"featured_media":0,"parent":2723,"menu_order":4,"comment_status":"closed","ping_status":"closed","template":"","meta":{"_expiration-date-status":"","_expiration-date":0,"_expiration-date-type":"","_expiration-date-categories":[],"_expiration-date-options":[]},"_links":{"self":[{"href":"https:\/\/sitac.transdev-hdf.fr\/index.php\/wp-json\/wp\/v2\/pages\/1512"}],"collection":[{"href":"https:\/\/sitac.transdev-hdf.fr\/index.php\/wp-json\/wp\/v2\/pages"}],"about":[{"href":"https:\/\/sitac.transdev-hdf.fr\/index.php\/wp-json\/wp\/v2\/types\/page"}],"author":[{"embeddable":true,"href":"https:\/\/sitac.transdev-hdf.fr\/index.php\/wp-json\/wp\/v2\/users\/1"}],"replies":[{"embeddable":true,"href":"https:\/\/sitac.transdev-hdf.fr\/index.php\/wp-json\/wp\/v2\/comments?post=1512"}],"version-history":[{"count":69,"href":"https:\/\/sitac.transdev-hdf.fr\/index.php\/wp-json\/wp\/v2\/pages\/1512\/revisions"}],"predecessor-version":[{"id":8809,"href":"https:\/\/sitac.transdev-hdf.fr\/index.php\/wp-json\/wp\/v2\/pages\/1512\/revisions\/8809"}],"up":[{"embeddable":true,"href":"https:\/\/sitac.transdev-hdf.fr\/index.php\/wp-json\/wp\/v2\/pages\/2723"}],"wp:attachment":[{"href":"https:\/\/sitac.transdev-hdf.fr\/index.php\/wp-json\/wp\/v2\/media?parent=1512"}],"curies":[{"name":"wp","href":"https:\/\/api.w.org\/{rel}","templated":true}]}}

<figure class="wp-block-image alignwide size-large"><img decoding="async" loading="lazy" width="1024" height="276" src="https://sitac.transdev-hdf.fr/wp-content/uploads/2020/09/RubriqueMesServices-SiteSEPTEMBRE2020-NEWVERSION-COB-17-1024x276.jpg" alt="" class="wp-image-2952" srcset="https://sitac.transdev-hdf.fr/wp-content/uploads/2020/09/RubriqueMesServices-SiteSEPTEMBRE2020-NEWVERSION-COB-17-1024x276.jpg 1024w, https://sitac.transdev-hdf.fr/wp-content/uploads/2020/09/RubriqueMesServices-SiteSEPTEMBRE2020-NEWVERSION-COB-17-300x81.jpg 300w, https://sitac.transdev-hdf.fr/wp-content/uploads/2020/09/RubriqueMesServices-SiteSEPTEMBRE2020-NEWVERSION-COB-17-768x207.jpg 768w, https://sitac.transdev-hdf.fr/wp-content/uploads/2020/09/RubriqueMesServices-SiteSEPTEMBRE2020-NEWVERSION-COB-17-1536x414.jpg 1536w, https://sitac.transdev-hdf.fr/wp-content/uploads/2020/09/RubriqueMesServices-SiteSEPTEMBRE2020-NEWVERSION-COB-17-1568x422.jpg 1568w, https://sitac.transdev-hdf.fr/wp-content/uploads/2020/09/RubriqueMesServices-SiteSEPTEMBRE2020-NEWVERSION-COB-17.jpg 1693w" sizes="(max-width: 1024px) 100vw, 1024px" /></figure>



<h5 class="wp-block-heading"><mark style="background-color:rgba(0, 0, 0, 0);color:#993467" class="has-inline-color">Qu&rsquo;est-ce que c&rsquo;est ?</mark></h5>



<p>Un service uniquement déclenché par réservation et qui emprunte toujours le même itinéraire sur des horaires définis.</p>



<div class="wp-block-columns is-layout-flex wp-container-2">
<div class="wp-block-column is-layout-flow">
<h5 class="wp-block-heading"><mark style="background-color:rgba(0, 0, 0, 0);color:#993467" class="has-inline-color">PROX&rsquo;IN 11</mark></h5>



<p>Cette liaison permet d’enrichir l’offre de transport sur les secteurs des Hemmes de Marck, du Fort Vert, de l’avenue de Verdun et de la route de Gravelines pour les personnes qui souhaitent se rendre au centre ville de Marck ou à un arrêt en correspondance avec les lignes urbaines du réseau.</p>
</div>
</div>



<div class="wp-block-columns is-layout-flex wp-container-4">
<div class="wp-block-column is-layout-flow"><div class="wp-block-image">
<figure class="aligncenter size-large is-resized"><img decoding="async" loading="lazy" src="https://sitac.transdev-hdf.fr/wp-content/uploads/2022/07/PlanL.11Hiver2022-2023.jpg" alt="" class="wp-image-5409" width="333" height="356" srcset="https://sitac.transdev-hdf.fr/wp-content/uploads/2022/07/PlanL.11Hiver2022-2023.jpg 750w, https://sitac.transdev-hdf.fr/wp-content/uploads/2022/07/PlanL.11Hiver2022-2023-281x300.jpg 281w" sizes="(max-width: 333px) 100vw, 333px" /></figure></div></div>
</div>



<p class="has-text-align-left"><mark style="background-color:rgba(0, 0, 0, 0);color:#993467" class="has-inline-color"><strong>Comment réserver votre PROX&rsquo;IN 11 ?</strong></mark><br><br>Quelque soit le mode utiliser, la réservation devra être effectuée au plus tard :<br>&#8211; la veille avant 17h30 pour une réservation du mardi au samedi,<br>&#8211; le vendredi avant 17h30 pour une réservation le lundi.</p>



<ul>
<li><mark style="background-color:rgba(0, 0, 0, 0);color:#993467" class="has-inline-color">En appelant l’agent de réservation de Calais Opale Bus au 03.21.00.75.75.</mark></li>
</ul>



<p><mark style="background-color:rgba(0, 0, 0, 0);color:#993467" class="has-inline-color"><strong>Quand ce service fonctionne-t-il?</strong></mark><br><br>Tous les jours sauf les dimanches et les jours fériés, uniquement sur réservation.</p>



<p><mark style="background-color:rgba(0, 0, 0, 0);color:#993467" class="has-inline-color"><strong>Comment rejoindre le réseau urbain?</strong></mark><br><br>Les véhicules <mark style="background-color:rgba(0, 0, 0, 0);color:#993467" class="has-inline-color">PROX’IN</mark> vous accompagnent jusqu’à un point de rabattement où les correspondances avec les lignes urbaines sont nombreuses et aisées.</p>



<p></p>



<div class="wp-block-buttons is-content-justification-center is-layout-flex wp-container-5">
<div class="wp-block-button"><a class="wp-block-button__link has-white-color has-text-color has-background wp-element-button" href="horaires.php" style="background-color:#993467"><strong>Horaires</strong> en ligne</a></div>



<div class="wp-block-button"><a class="wp-block-button__link has-white-color has-text-color has-background wp-element-button" href="https://sitac.transdev-hdf.fr/wp-content/uploads/2025/07/PROXIN_11_GBHIVER2025.pdf" style="background-color:#993467" target="_blank" rel="noreferrer noopener"><strong>Horaires Téléchargeables</strong> Hiver 2025/2026</a></div>



<div class="wp-block-button"><a class="wp-block-button__link has-white-color has-text-color has-background wp-element-button" href="https://sitac.transdev-hdf.fr/wp-content/uploads/2025/06/Ligne11-Ete-2025.pdf" style="background-color:#993467" target="_blank" rel="noreferrer noopener"><strong>Horaires Téléchargeables</strong> Eté 2025</a></div>
</div>



<p></p>

<p>Qu&rsquo;est-ce que c&rsquo;est ? Un service uniquement déclenché par réservation et qui emprunte toujours le même itinéraire sur des horaires définis. PROX&rsquo;IN 11 Cette liaison permet d’enrichir l’offre de transport sur les secteurs des Hemmes de Marck, du Fort Vert, de l’avenue de Verdun et de la route de Gravelines pour les personnes qui souhaitent &hellip; </p>
<p class="link-more"><a href="https://sitac.transdev-hdf.fr/index.php/mes-services/la-proxin/" class="more-link">Continuer la lecture <span class="screen-reader-text"> « La Prox&rsquo;in »</span></a></p>
